t is -23755352 (base 8) in base 15?
-6d5976
Convert -6251 (base 8) to base 5.
-100431
Convert -10341434 (base 5) to base 15.
-1bb14
Convert -11001100001010011001 (base 2) to base 14.
-17aa81
210202110111 (base 3) to base 15
86d5a
What is 10211102 (base 5) in base 6?
1454120
What is 311111332 (base 4) in base 2?
110101010101111110
Convert -2165a (base 11) to base 14.
-b632
Convert -2a15da (base 15) to base 16.
-1ef889
What is 153552251 (base 6) in base 13?
8a4261
What is -1754c (base 14) in base 11?
-40099
-13513134 (base 7) to base 14
-24c91b
What is 2b84 (base 14) in base 4?
1321100
Convert -12bb63 (base 13) to base 15.
-8ea17
What is 214110 (base 5) in base 7?
30406
120a640 (base 11) to base 15
2b97b3
-31231123 (base 4) to base 8
-155533
What is -686935 (base 12) in base 16?
-197db9
What is 363405 (base 9) in base 2?
110101011110010101
Convert -2020111011202 (base 3) to base 13.
-328bb6
What is -465135 (base 7) in base 15?
-19ab9
-1102220120122 (base 3) to base 14
-15d172
Convert 123362 (base 10) to base 12.
5b482
What is 5235 (base 14) in base 16?
374f
-1042234 (base 9) to base 10
-559336
-75215431 (base 8) to base 3
-1010020002122110
What is 1b914d (base 16) in base 2?
110111001000101001101
2330012002 (base 4) to base 5
144123214
Convert 124322 (base 8) to base 11.
2a51a
Convert -2814b3 (base 14) to base 13.
-397213
-143340322 (base 5) to base 8
-2720152
Convert 10101101100011010110 (base 2) to base 9.
1303115
What is 212989 (base 11) in base 10?
340591
What is -18d6a9 (base 14) in base 7?
-10332602
Convert -123013503 (base 6) to base 8.
-11053417
What is -26629 (base 11) in base 2?
-1001010010001001
2110200201 (base 3) to base 13
1918c
What is 244143111 (base 5) in base 11?
72426a
What is -382d4 (base 15) in base 7?
-1345252
-4210227 (base 8) to base 13
-302068
Convert -39a193 (base 13) to base 8.
-5241043
Convert -1a8b3a5 (base 13) to base 7.
-134511450
b0145d (base 16) to base 6
1051155501
What is 144347 (base 10) in base 11?
994a5
Convert 131211311 (base 4) to base 10.
121205
Convert -133222232 (base 4) to base 5.
-13122320
658b8 (base 14) to base 9
414333
Convert 1575ca (base 16) to base 7.
14645215
-711538 (base 9) to base 6
-13005225
What is 205224 (base 8) in base 10?
68244
What is 1011011000111100111 (base 2) in base 14?
9a02b
Convert -441302 (base 5) to base 15.
-4787
-20063 (base 10) to base 6
-232515
Convert 2128e (base 15) to base 5.
11331314
12001000100 (base 3) to base 15
1e5a3
What is 21240515 (base 6) in base 13?
18c79a
Convert -3645100 (base 9) to base 8.
-7430333
Convert 37554 (base 13) to base 3.
12011212220
Convert 1144012204 (base 5) to base 3.
12010011200212
What is -1022613 (base 7) in base 8?
-361061
Convert -321b79 (base 14) to base 2.
-110011101111001001111
Convert 1333102 (base 5) to base 14.
9d25
What is -8e01c (base 15) in base 3?
-211222102000
Convert 161372 (base 9) to base 15.
1e702
Convert 2023311232 (base 5) to base 12.
1468013
-135a77b (base 13) to base 7
-102622634
-3a200a2 (base 11) to base 3
-111002022220022
What is -121220222111 (base 3) in base 9?
-556874
a873a (base 12) to base 14
5adc2
20333231 (base 5) to base 16
29005
What is 145c56 (base 16) in base 10?
1334358
Convert 222321444 (base 5) to base 4.
3233022220
Convert 7b431 (base 12) to base 14.
44097
Convert 1206211 (base 13) to base 12.
1a52a41
-28504c8 (base 13) to base 9
-26018770
What is 4064660 (base 7) in base 10?
486710
-275966 (base 11) to base 12
-18a299
Convert 406633 (base 8) to base 14.
37071
What is 5067446 (base 10) in base 15?
6a16eb
What is 1012111210 (base 3) in base 4?
11302110
554502 (base 16) to base 5
2412310401
What is 72377 (base 10) in base 4?
101222321
-1415351 (base 6) to base 7
-453016
What is -2199367 (base 10) in base 13?
-5c0101
Convert -4002785 (base 9) to base 15.
-2c072b
34402532 (base 8) to base 10
7472474
Convert 10a12 (base 15) to base 2.
1100111010011100
Convert -254452 (base 6) to base 15.
-6c82
Convert -32304345 (base 6) to base 13.
-276a4c
What is 1827054 (base 11) in base 14?
5a9347
What is -39450 (base 12) in base 2?
-10011001000111100
What is -a92 (base 12) in base 10?
-1550
What is -2123063 (base 7) in base 12?
-105365
What is -16ccf (base 16) in base 3?
-11202002221
Convert -111110100202222 (base 3) to base 4.
-123102012320
-7617 (base 10) to base 12
-44a9
-206036 (base 12) to base 16
-7c0aa
-513410 (base 6) to base 10
-40974
Convert -234420 (base 8) to base 11.
-55239
298859 (base 15) to base 8
7510473
Convert -130220322121 (base 4) to base 12.
-2620821
What is 49702 (base 10) in base 12?
2491a
Convert -200211120 (base 4) to base 2.
-100000100101011000
-11124213 (base 5) to base 6
-2040511
What is -21114 (base 9) in base 12?
-80a1
7d9c5 (base 15) to base 6
12325552
Convert -135333 (base 6) to base 12.
-7549
What is 40883 (base 9) in base 7?
141423
-167461 (base 13) to base 9
-1041461
Convert -2110053 (base 6) to base 5.
-11234132
What is 4458286 (base 9) in base 16?
24a245
-640635 (base 7) to base 16
-1b0ae
-21655 (base 8) to base 9
-13467
12012002021 (base 3) to base 10
102121
What is 4a99883 (base 11) in base 15?
b99ac6
-30113310321 (base 4) to base 5
-1312241241
Convert a9141 (base 12) to base 3.
102100001011
100112100022 (base 3) to base 15
3a8be
22311172 (base 9) to base 2
101001001111111111011011
933204 (base 10) to base 4
3203311110
Convert -260066 (base 9) to base 8.
-463524
Convert -709a56 (base 12) to base 14.
-33adc6
What is 10000101110100101001 (base 2) in base 14?
103a89
Convert -234524 (base 8) to base 10.
-80212
What is 100043122 (base 5) in base 3?
201222211110
5511224 (base 6) to base 4
1002311200
Convert 25400445 (base 7) to base 16.
232344
-30112350 (base 8) to base 12
-2152b48
What is -1166733 (base 9) in base 5?
-130303302
31431243 (base 5) to base 13
9356a
What is -357006 (base 8) in base 11?
-83a3a
What is -221101031330 (base 4) in base 12?
-37587b8
What is 435090 (base 12) in base 11?
66912a
-2e72d9 (base 16) to base 3
-12201122122212
What is -3401858 (base 11) in base 16?
-5af621
Convert 187414 (base 11) to base 8.
1062373
Convert -121333212 (base 5) to base 9.
-1064560
10011120102 (base 3) to base 2
1111001110101101
Convert -10101011010101011 (base 2) to base 16.
-156ab
-563bc3 (base 13) to base 14
-3b0200
338447 (base 9) to base 6
4203541
Convert -312891 (base 10) to base 12.
-1310a3
-313305 (base 6) to base 12
-12835
-11c6bc (base 16) to base 13
-31a356
What is 16604520 (base 7) in base 8?
6163246
What is -274555 (base 9) in base 6?
-3330552
13714 (base 13) to base 10
36352
-8405712 (base 10) to base 9
-16731420
1282126 (base 9) to base 8
2536146
Convert -515255011 (base 6) to base 9.
-17726637
What is -11100100111010001111 (base 2) in base 14?
-1a59a7
-12154425 (base 6) to base 9
-651858
What is 650a39 (base 14) in base 7?
41035602
Convert ea1dc (base 15) to base 7.
6212661
What is 417060 (base 10) in base 6?
12534500
What is -93600a (base 16) in base 8?
-44660012
-545961 (base 13) to base 16
-1e433e
2022324 (base 5) to base 14
bd79
Convert -1864843 (base 9) to base 6.
-34234150
What is 102012344 (base 5) in base 12?
184855
179649 (base 13) to base 4
2100203010
Convert -119267 (base 11) to base 2.
-101101111001010010
110001100010111010111010 (base 2) to base 9
26385271
Convert 3640054 (base 7) to base 10.
463432
-10111010110011010111001 (base 2) to base 8
-27263271
1110110100110100 (base 2) to base 7
342016
-1132057 (base 8) to base 9
-518773
What is -100111101101101011110 (base 2) in base 14?
-25c370
What is 1240504 (base 7) in base 8?
472534
22a069 (base 11) to base 3
200112100222
What is -9b200 (base 13) in base 6?
-10011254
Convert -21108 (base 15) to base 11.
-71866
19631 (base 14) to base 11
44373
What is -10101000011100101100111 (base 2) in base 11?
-3130057
940289 (base 12) to base 5
1043312300
What is -18717 (base 9) in base 16?
-32b0
1031312040 (base 5) to base 3
11011110012121
What is -21a086 (base 11) in base 5?
-42201042
Convert -ac9ff (base 16) to base 6.
-23053251
Convert 631423 (base 9) to base 14.
9a975
What is 151543433 (base 6) in base 9?
5862503
What is 459420 (base 10) in base 8?
1601234
What is -1135 (base 15) in base 6?
-24522
-740593 (base 10) to base 14
-153c77
What is -3554165 (base 10) in base 12?
-1234985
What is 220443441 (base 5) in bas